mon divisor of 35565714 and 7074?
2358
What is the highest common divisor of 4586223 and 69?
69
Calculate the highest common factor of 1083 and 6921453.
1083
Calculate the highest common factor of 1499 and 1515478507.
1499
Calculate the greatest common factor of 5016576 and 345.
69
What is the greatest common divisor of 25838600 and 400?
200
Calculate the highest common factor of 435987294 and 1114.
1114
What is the greatest common divisor of 2601 and 1517148?
153
What is the greatest common divisor of 5367596 and 36842?
2834
Calculate the greatest common factor of 116527 and 6156.
19
Calculate the greatest common factor of 123 and 3219033.
123
What is the highest common factor of 167 and 330197911?
167
What is the highest common factor of 611643 and 12261?
201
Calculate the highest common divisor of 339 and 110797065.
339
Calculate the highest common factor of 302007 and 75.
3
What is the greatest common factor of 1687675 and 6325?
275
Calculate the highest common divisor of 8392 and 54132596.
4196
What is the highest common factor of 176866249 and 119?
119
What is the highest common divisor of 23676000 and 1750?
250
Calculate the highest common divisor of 340 and 17860340.
20
Calculate the highest common divisor of 7826 and 1038232.
26
What is the greatest common divisor of 695444870 and 410?
410
Calculate the highest common divisor of 176 and 571375288.
88
Calculate the greatest common divisor of 949369 and 1003.
59
What is the greatest common divisor of 36244 and 994942?
442
What is the greatest common divisor of 27909795 and 3870?
645
What is the greatest common divisor of 22 and 13447753?
11
Calculate the greatest common divisor of 572684 and 10587052.
5068
What is the highest common factor of 1864 and 15427862?
466
What is the highest common factor of 6090 and 31640160?
870
Calculate the highest common factor of 962296 and 62678.
74
What is the greatest common factor of 125948 and 26751?
37
Calculate the greatest common factor of 58655269 and 27207.
3023
Calculate the greatest common divisor of 1582 and 3767194.
226
Calculate the greatest common divisor of 266 and 741722.
38
Calculate the greatest common divisor of 4484011 and 21.
7
Calculate the highest common factor of 3582 and 997722.
18
What is the greatest common factor of 125 and 19665125?
125
What is the greatest common divisor of 2040317 and 3384?
47
What is the greatest common factor of 161 and 21830536?
7
Calculate the greatest common factor of 10864 and 18026092.
2716
What is the greatest common factor of 46 and 47113867?
23
What is the greatest common factor of 305 and 77305?
5
What is the greatest common factor of 23 and 46159229?
23
What is the highest common divisor of 341689 and 2546306?
761
Calculate the greatest common factor of 9367663 and 51.
17
Calculate the greatest common divisor of 443213 and 101422.
19
Calculate the highest common divisor of 20557247 and 22023.
2447
Calculate the greatest common factor of 10500599 and 94.
47
What is the highest common divisor of 3432 and 5026320?
312
What is the greatest common divisor of 2434531 and 1419?
473
Calculate the greatest common factor of 179 and 44112402.
179
What is the highest common divisor of 24317424 and 36?
36
Calculate the highest common divisor of 1062 and 48302238.
354
What is the greatest common divisor of 267178 and 1047698?
3002
Calculate the greatest common divisor of 12456 and 181703976.
4152
Calculate the highest common factor of 233 and 1477018921.
233
Calculate the greatest common divisor of 96 and 487092.
12
Calculate the highest common factor of 30328172 and 8.
4
What is the greatest common divisor of 16842103 and 123?
41
Calculate the greatest common factor of 749241 and 1402194.
3009
What is the greatest common factor of 1844 and 2379136?
4
What is the greatest common factor of 43942 and 369062?
254
Calculate the highest common divisor of 7395495 and 195.
15
Calculate the greatest common factor of 993 and 1666803129.
993
What is the greatest common divisor of 163767 and 3007923?
2073
What is the greatest common divisor of 744 and 62516274?
186
What is the greatest common factor of 131 and 14528424?
131
Calculate the greatest common divisor of 4350 and 13205850.
150
Calculate the greatest common divisor of 9565 and 442405.
5
Calculate the highest common divisor of 43331105 and 815.
815
Calculate the highest common divisor of 5236 and 1068452.
308
What is the highest common divisor of 1577 and 208579?
83
What is the greatest common divisor of 19 and 137604061?
19
What is the greatest common factor of 4225 and 1366300?
325
Calculate the greatest common factor of 13800 and 387918.
138
Calculate the greatest common divisor of 52 and 85417280.
52
What is the highest common divisor of 90576 and 4825836?
1332
Calculate the greatest common factor of 239392 and 904.
8
What is the greatest common factor of 28381 and 87971?
101
Calculate the highest common divisor of 43332 and 95358.
138
Calculate the highest common factor of 249018 and 53526.
66
Calculate the highest common factor of 2528 and 47010056.
632
Calculate the highest common divisor of 581496 and 96.
24
What is the highest common divisor of 18 and 6898698?
18
Calculate the highest common divisor of 1831879 and 14.
7
Calculate the greatest common factor of 68476615 and 185470.
5455
Calculate the highest common divisor of 8064 and 248808.
168
Calculate the highest common divisor of 937 and 457573643.
937
Calculate the highest common divisor of 4201641 and 1159.
19
What is the greatest common factor of 56008084 and 308?
44
What is the greatest common divisor of 69440 and 2271835?
155
Calculate the greatest common divisor of 40076773 and 121.
121
Calculate the greatest common divisor of 3965 and 1677988.
793
What is the highest common factor of 12 and 162460596?
12
What is the greatest common divisor of 12876 and 36512562?
222
Calculate the highest common divisor of 545475 and 32025.
525
What is the greatest common factor of 845825 and 253?
23
Calculate the highest common factor of 21 and 22461657.
3
What is the greatest common factor of 54826 and 1021221?
347
Calculate the highest common divisor of 112050 and 17725.
25
What is the highest common divisor of 27 and 863745039?
27
Calculate the highest common divisor of 14196421 and 159.
53
What is the greatest common factor of 68529592 and 372?
124
Calculate the highest common factor of 54131 and 6317927.
77
What is the greatest common factor of 1818 and 2291202?
18
What is the greatest common divisor of 21446390 and 140?
70
What is the highest common factor of 4292190 and 11046?
42
What is the highest common divisor of 6878289 and 1452?
33
What is the highest common factor of 9638525 and 5?
5
What is the greatest common divisor of 1228 and 702381002?
614
What is the highest common divisor of 4356966 and 1938?
114
What is the highest common factor of 84 and 2161719?
21
Calculate the highest common divisor of 12 and 252737556.
12
Calculate the highest common divisor of 244 and 17967123.
61
What is the greatest common divisor of 3159 and 1026963?
9
Calculate the highest common divisor of 5553 and 13336455.
1851
Calculate the highest common divisor of 3407412 and 204.
204
Calculate the greatest common divisor of 11979 and 241274.
121
Calculate the highest common factor of 523033 and 399.
7
Calculate the greatest common divisor of 3556 and 354720779.
889
What is the highest common factor of 7590 and 69895298?
506
What is the highest common divisor of 1816 and 63596?
4
What is the greatest common divisor of 151136 and 1672?
8
What is the greatest common divisor of 1134 and 94767750?
126
What is the greatest common factor of 445323 and 11376?
237
Calculate the greatest common factor of 4187886 and 138.
138
Calculate the highest common divisor of 15844 and 468724.
68
What is the highest common divisor of 263477 and 5143?
37
Calculate the highest common factor of 5287309 and 1.
1
What is the greatest common divisor of 393088 and 2608?
16
What is the greatest common divisor of 1031679 and 275?
11
What is the highest common divisor of 15246 and 515822274?
2178
What is the highest common factor of 3629120 and 128?
64
Calculate the highest common factor of 2106 and 4284819.
81
Calculate the greatest common div